{"id":1415,"date":"2017-04-23T19:19:18","date_gmt":"2017-04-23T17:19:18","guid":{"rendered":"http:\/\/pubweb.carnet.hr\/pd-pljusak\/?page_id=1415"},"modified":"2017-04-23T19:25:33","modified_gmt":"2017-04-23T17:25:33","slug":"prva-pomoc","status":"publish","type":"page","link":"https:\/\/pd-pljusak.hr\/?page_id=1415","title":{"rendered":"Prva pomo\u0107"},"content":{"rendered":"<div style=\"width: 303px\" class=\"wp-caption alignleft\"><a href=\"http:\/\/www.hzhm.hr\/wp-content\/uploads\/2013\/07\/Vjestine-prve-pomoci-za-zurne-sluzbe.pdf\"><img loading=\"lazy\" decoding=\"async\" src=\"http:\/\/www.hzhm.hr\/wp-content\/uploads\/2013\/07\/Picture1-293x400.jpg\" alt=\"\" width=\"293\" height=\"400\" \/><\/a><p class=\"wp-caption-text\"><em>Vje\u0161tine prve pomo\u0107i za \u017eurne slu\u017ebe<\/em><\/p><\/div>\n<p>Iako svi mislimo da se nesre\u0107e doga\u0111aju drugim ljudima, a ne nama &#8211; istina je malo druga\u010dija. Iako vodi\u010di redovno obnavljaju znanja iz pru\u017eanja prve pomo\u0107i, bilo bi po\u017eeljno da svaki planinar zna osnove pru\u017eanja prve pomo\u0107i, kao i <strong>prepoznavanje simptoma<\/strong> nekih \u010de\u0161\u0107ih zdravstvenih problema koji se javljaju prilikom planinarenje (<strong>dehidracija, sun\u010danica, predinfarktno stanje, hipoglikemija&#8230;<\/strong>)<\/p>\n<p>Jedna od autora je dr. Grba-Bujevi\u0107, ravnateljica Hrvatskog zavoda za hitnu medicinu, aktivna \u010dlanica HGSS-a i vodi\u010d instruktor pri HPS-u.<\/p>\n<p>Uz <strong>osnovni pribor za prvu pomo\u0107 koju bi svi planinari trebali imati u svom ruksaku<\/strong>, ne bi bilo lo\u0161e da se i malo podsjetite kako se pru\u017ee prva pomo\u0107. Knjiga je besplatna za <a href=\"http:\/\/www.hzhm.hr\/wp-content\/uploads\/2013\/07\/Vjestine-prve-pomoci-za-zurne-sluzbe.pdf\">download<\/a> sa stranica HZHM-a.<\/p>\n<p>&nbsp;<\/p>\n<p>&nbsp;<\/p>\n<p>&nbsp;<\/p>\n<p>&nbsp;<\/p>\n<p>&nbsp;<\/p>\n<p>&nbsp;<\/p>\n<p>&nbsp;<\/p>\n<p>&nbsp;<\/p>\n<p>&nbsp;<\/p>\n<p>&nbsp;<\/p>\n<p>&nbsp;<\/p>\n<p>&nbsp;<\/p>\n<p>&nbsp;<\/p>\n<p>&nbsp;<\/p>\n<p>&nbsp;<\/p>\n<p>&nbsp;<\/p>\n<p>&nbsp;<\/p>\n<p>&nbsp;<\/p>\n<p>&nbsp;<\/p>\n<p>&nbsp;<\/p>\n<p>&nbsp;<\/p>\n<p>&nbsp;<\/p>\n<p>&nbsp;<\/p>\n<p>&nbsp;<\/p>\n<p>&nbsp;<\/p>\n<p>&nbsp;<\/p>\n","protected":false},"excerpt":{"rendered":"<p>Iako svi mislimo da se nesre\u0107e doga\u0111aju drugim ljudima, a ne nama &#8211; istina je malo druga\u010dija. Iako vodi\u010di redovno obnavljaju znanja iz pru\u017eanja prve pomo\u0107i, bilo bi po\u017eeljno da svaki planinar zna osnove pru\u017eanja prve pomo\u0107i, kao i prepoznavanje simptoma nekih \u010de\u0161\u0107ih zdravstvenih problema koji se javljaju prilikom planinarenje (dehidracija, sun\u010danica, predinfarktno stanje, hipoglikemija&#8230;) [&hellip;]<\/p>\n","protected":false},"author":146,"featured_media":0,"parent":0,"menu_order":0,"comment_status":"closed","ping_status":"closed","template":"","meta":{"footnotes":""},"class_list":["post-1415","page","type-page","status-publish","hentry"],"_links":{"self":[{"href":"https:\/\/pd-pljusak.hr\/index.php?rest_route=\/wp\/v2\/pages\/1415","targetHints":{"allow":["GET"]}}],"collection":[{"href":"https:\/\/pd-pljusak.hr\/index.php?rest_route=\/wp\/v2\/pages"}],"about":[{"href":"https:\/\/pd-pljusak.hr\/index.php?rest_route=\/wp\/v2\/types\/page"}],"author":[{"embeddable":true,"href":"https:\/\/pd-pljusak.hr\/index.php?rest_route=\/wp\/v2\/users\/146"}],"replies":[{"embeddable":true,"href":"https:\/\/pd-pljusak.hr\/index.php?rest_route=%2Fwp%2Fv2%2Fcomments&post=1415"}],"version-history":[{"count":2,"href":"https:\/\/pd-pljusak.hr\/index.php?rest_route=\/wp\/v2\/pages\/1415\/revisions"}],"predecessor-version":[{"id":1422,"href":"https:\/\/pd-pljusak.hr\/index.php?rest_route=\/wp\/v2\/pages\/1415\/revisions\/1422"}],"wp:attachment":[{"href":"https:\/\/pd-pljusak.hr\/index.php?rest_route=%2Fwp%2Fv2%2Fmedia&parent=1415"}],"curies":[{"name":"wp","href":"https:\/\/api.w.org\/{rel}","templated":true}]}}